{"id":6395,"date":"2020-09-21T16:22:23","date_gmt":"2020-09-21T16:22:23","guid":{"rendered":"http:\/\/c2lweb.com.br\/layout\/?page_id=6395"},"modified":"2022-08-25T11:52:03","modified_gmt":"2022-08-25T14:52:03","slug":"faleconosco","status":"publish","type":"page","link":"https:\/\/assessoriaperfilrh.com.br\/cms\/faleconosco\/","title":{"rendered":"Contato"},"content":{"rendered":"<p>[vc_row][vc_column][vc_empty_space][\/vc_column][\/vc_row][vc_row][vc_column width=&#8221;1\/2&#8243;]<h3 style=\"text-align:left;\" class=\" headline margin-top-0 margin-bottom-25 \">Informa\u00e7\u00f5es<\/h3>[vc_column_text]<strong>Hor\u00e1rio de Atendimento<\/strong><br \/>\nDe segunda a sexta-feira<br \/>\nDas 8h30min \u00e0s 11h30min e das 13h30min \u00e0s 17h30min<\/p>\n<p><strong>Endere\u00e7o<\/strong><br \/>\nAv. Brasil, n\u00ba 50, sala 305, Centro<br \/>\nPort\u00e3o &#8211; RS &#8211; CEP: 93180-000<\/p>\n<p><strong>Telefone<\/strong><br \/>\n(51) 3562.1087<\/p>\n<p><strong>E-mail<\/strong><br \/>\n<a href=\"mailto:perfil@assessoriaperfilrh.com.br\" target=\"_blank\" rel=\"noopener noreferrer\">perfil@assessoriaperfilrh.com.br<\/a><\/p>\n<p><strong>Redes Sociais<\/strong><br \/>\n<a href=\"https:\/\/www.facebook.com\/PerfilAssessoriaRh\/\" target=\"_blank\" rel=\"noopener noreferrer\">Facebook<\/a><br \/>\n<a href=\"https:\/\/www.linkedin.com\/in\/perfil-assessoria-em-rh-7b99a018b\/\" target=\"_blank\" rel=\"noopener noreferrer\">Linkedin<\/a><br \/>\n<a href=\"https:\/\/www.instagram.com\/assessoriaperfilrh\/\" target=\"_blank\" rel=\"noopener noreferrer\">Instagram<\/a>[\/vc_column_text]<h3 style=\"text-align:left;\" class=\" headline margin-top-0 margin-bottom-25 \">Mapa de Localiza\u00e7\u00e3o<\/h3>[vc_raw_html css=&#8221;.vc_custom_1607434235491{margin-bottom: 0px !important;border-bottom-width: 0px !important;padding-bottom: 0px !important;}&#8221;]JTNDaWZyYW1lJTIwc3JjJTNEJTIyaHR0cHMlM0ElMkYlMkZ3d3cuZ29vZ2xlLmNvbSUyRm1hcHMlMkZlbWJlZCUzRnBiJTNEJTIxMW0xOCUyMTFtMTIlMjExbTMlMjExZDM0NjUuOTE0MTY5MzE4NTA0JTIxMmQtNTEuMjMzMzY0NTg1MzYyODElMjEzZC0yOS42OTMyNjgwMjE5OTA2NTQlMjEybTMlMjExZjAlMjEyZjAlMjEzZjAlMjEzbTIlMjExaTEwMjQlMjEyaTc2OCUyMTRmMTMuMSUyMTNtMyUyMTFtMiUyMTFzMHg5NTE5NWM3OWU2MGVhNTM5JTI1M0EweDRiNmIxNWZiMDk2YWZkOGElMjEyc0F2LiUyNTIwQnJhc2lsJTI1MkMlMjUyMDUwJTI1MjAtJTI1MjBDZW50cm8lMjUyQyUyNTIwUG9ydCUyNUMzJTI1QTNvJTI1MjAtJTI1MjBSUyUyNTJDJTI1MjA5MzE4MC0wMDAlMjE1ZTAlMjEzbTIlMjExc3B0LUJSJTIxMnNiciUyMTR2MTYwMDcwNDc1NTQ2OCUyMTVtMiUyMTFzcHQtQlIlMjEyc2JyJTIyJTIwd2lkdGglM0QlMjIxMDAlMjUlMjIlMjBoZWlnaHQlM0QlMjI0NTAlMjIlMjBmcmFtZWJvcmRlciUzRCUyMjAlMjIlMjBzdHlsZSUzRCUyMmJvcmRlciUzQTAlM0IlMjIlMjBhbGxvd2Z1bGxzY3JlZW4lM0QlMjIlMjIlMjBhcmlhLWhpZGRlbiUzRCUyMmZhbHNlJTIyJTIwdGFiaW5kZXglM0QlMjIwJTIyJTNFJTNDJTJGaWZyYW1lJTNF[\/vc_raw_html][\/vc_column][vc_column width=&#8221;1\/2&#8243;]<h3 style=\"text-align:left;\" class=\" headline margin-top-0 margin-bottom-25 \">Formul\u00e1rio de Contato<\/h3><div role=\"form\" class=\"wpcf7\" id=\"wpcf7-f6116-o1\" lang=\"pl-PL\" dir=\"ltr\">\n<div class=\"screen-reader-response\"><p role=\"status\" aria-live=\"polite\" aria-atomic=\"true\"><\/p> <ul><\/ul><\/div>\n<form action=\"\/cms\/wp-json\/wp\/v2\/pages\/6395#wpcf7-f6116-o1\" method=\"post\" class=\"wpcf7-form init\" novalidate=\"novalidate\" data-status=\"init\">\n<div style=\"display: none;\">\n<input type=\"hidden\" name=\"_wpcf7\" value=\"6116\" \/>\n<input type=\"hidden\" name=\"_wpcf7_version\" value=\"5.3\" \/>\n<input type=\"hidden\" name=\"_wpcf7_locale\" value=\"pl_PL\" \/>\n<input type=\"hidden\" name=\"_wpcf7_unit_tag\" value=\"wpcf7-f6116-o1\" \/>\n<input type=\"hidden\" name=\"_wpcf7_container_post\" value=\"0\" \/>\n<input type=\"hidden\" name=\"_wpcf7_posted_data_hash\" value=\"\" \/>\n<\/div>\n<fieldset>\n<p><label><strong>Voc\u00ea \u00e9 <\/strong>(selecione)<strong>:<\/strong><\/label><span class=\"wpcf7-form-control-wrap setor-empresa\"><select name=\"setor-empresa\" class=\"wpcf7-form-control wpcf7-select wpcf7-validates-as-required\" aria-required=\"true\" aria-invalid=\"false\"><option value=\"\">---<\/option><option value=\"Candidato\">Candidato<\/option><option value=\"Empresa\">Empresa<\/option><\/select><\/span><br \/>\n<label><strong>Nome:<\/strong><\/label><span class=\"wpcf7-form-control-wrap your-name\"><input type=\"text\" name=\"your-name\" value=\"\" size=\"40\" class=\"wpcf7-form-control wpcf7-text wpcf7-validates-as-required\" aria-required=\"true\" aria-invalid=\"false\" \/><\/span><br \/>\n<label><strong>E-mail:<\/strong><\/label><span class=\"wpcf7-form-control-wrap your-email\"><input type=\"email\" name=\"your-email\" value=\"\" size=\"40\" class=\"wpcf7-form-control wpcf7-text wpcf7-email wpcf7-validates-as-required wpcf7-validates-as-email\" aria-required=\"true\" aria-invalid=\"false\" \/><\/span><br \/>\n<label><strong>Telefone:<\/strong><\/label><span class=\"wpcf7-form-control-wrap your-tel\"><input type=\"tel\" name=\"your-tel\" value=\"\" size=\"40\" class=\"wpcf7-form-control wpcf7-text wpcf7-tel wpcf7-validates-as-required wpcf7-validates-as-tel\" aria-required=\"true\" aria-invalid=\"false\" \/><\/span><br \/>\n<label><strong>Assunto:<\/strong><\/label><span class=\"wpcf7-form-control-wrap your-assunto\"><input type=\"text\" name=\"your-assunto\" value=\"\" size=\"40\" class=\"wpcf7-form-control wpcf7-text wpcf7-validates-as-required\" aria-required=\"true\" aria-invalid=\"false\" \/><\/span><br \/>\n<label><strong>Mensagem:<\/strong><\/label><span class=\"wpcf7-form-control-wrap your-message\"><textarea name=\"your-message\" cols=\"40\" rows=\"10\" class=\"wpcf7-form-control wpcf7-textarea wpcf7-validates-as-required\" aria-required=\"true\" aria-invalid=\"false\"><\/textarea><\/span> <br><\/p>\n<\/fieldset>\n<p><input type=\"submit\" value=\"Enviar Mensagem\" class=\"wpcf7-form-control wpcf7-submit\" \/><\/p>\n<div class=\"clear\"><\/div>\n<div class=\"wpcf7-response-output\" aria-hidden=\"true\"><\/div><\/form><\/div>[\/vc_column][\/vc_row][vc_row full_width=&#8221;stretch_row_content_no_spaces&#8221; content_placement=&#8221;top&#8221; css=&#8221;.vc_custom_1607434202652{margin-bottom: 0px !important;border-bottom-width: 0px !important;padding-bottom: 0px !important;}&#8221;][vc_column css=&#8221;.vc_custom_1607434250135{margin-bottom: 0px !important;border-bottom-width: 0px !important;padding-bottom: 0px !important;}&#8221;][\/vc_column][\/vc_row]<\/p>\n","protected":false},"excerpt":{"rendered":"<p>[vc_row][vc_column][vc_empty_space][\/vc_column][\/vc_row][vc_row][vc_column width=&#8221;1\/2&#8243;][vc_column_text]Hor\u00e1rio de Atendimento De segunda a sexta-feira Das 8h30min \u00e0s 11h30min e das 13h30min \u00e0s 17h30min Endere\u00e7o Av. Brasil, n\u00ba 50, sala 305, Centro Port\u00e3o &#8211; RS &#8211; CEP:&#8230;<\/p>\n","protected":false},"author":4,"featured_media":0,"parent":0,"menu_order":0,"comment_status":"closed","ping_status":"closed","template":"","meta":[],"_links":{"self":[{"href":"https:\/\/assessoriaperfilrh.com.br\/cms\/wp-json\/wp\/v2\/pages\/6395"}],"collection":[{"href":"https:\/\/assessoriaperfilrh.com.br\/cms\/wp-json\/wp\/v2\/pages"}],"about":[{"href":"https:\/\/assessoriaperfilrh.com.br\/cms\/wp-json\/wp\/v2\/types\/page"}],"author":[{"embeddable":true,"href":"https:\/\/assessoriaperfilrh.com.br\/cms\/wp-json\/wp\/v2\/users\/4"}],"replies":[{"embeddable":true,"href":"https:\/\/assessoriaperfilrh.com.br\/cms\/wp-json\/wp\/v2\/comments?post=6395"}],"version-history":[{"count":21,"href":"https:\/\/assessoriaperfilrh.com.br\/cms\/wp-json\/wp\/v2\/pages\/6395\/revisions"}],"predecessor-version":[{"id":7159,"href":"https:\/\/assessoriaperfilrh.com.br\/cms\/wp-json\/wp\/v2\/pages\/6395\/revisions\/7159"}],"wp:attachment":[{"href":"https:\/\/assessoriaperfilrh.com.br\/cms\/wp-json\/wp\/v2\/media?parent=6395"}],"curies":[{"name":"wp","href":"https:\/\/api.w.org\/{rel}","templated":true}]}}