{"id":6429,"date":"2020-09-21T19:41:47","date_gmt":"2020-09-21T19:41:47","guid":{"rendered":"http:\/\/c2lweb.com.br\/layout\/?page_id=6429"},"modified":"2020-11-26T16:52:48","modified_gmt":"2020-11-26T19:52:48","slug":"servicos","status":"publish","type":"page","link":"https:\/\/assessoriaperfilrh.com.br\/cms\/servicos\/","title":{"rendered":"Servi\u00e7os"},"content":{"rendered":"<p>[vc_row][vc_column width=&#8221;1\/2&#8243;]<div class=\"icon-box rounded alt\"><i class=\"ln ln-icon-Search-People\"><\/i><h4>Recrutamento e Sele\u00e7\u00e3o<\/h4><p><\/p>\n<p style=\"text-align: center;\"><span style=\"color: #666666;\">Conduzimos processos de recrutamento e sele\u00e7\u00e3o em diferentes n\u00edveis e posi\u00e7\u00f5es, utilizando t\u00e9cnicas e ferramentas que buscam mapear as caracter\u00edsticas de cada perfil e as compet\u00eancias mais adequadas para consolidar uma integra\u00e7\u00e3o assertiva entre profissionais e oportunidades.<\/span><\/p>\n<p><\/p><\/div>[\/vc_column][vc_column width=&#8221;1\/2&#8243;]<div class=\"icon-box rounded alt\"><i class=\"ln ln-icon-Student-Male\"><\/i><h4>Administra\u00e7\u00e3o de Estagi\u00e1rios<\/h4><p><\/p>\n<p style=\"text-align: center;\"><span style=\"color: #666666;\">Realizamos todos os tr\u00e2mites de sele\u00e7\u00e3o, documenta\u00e7\u00e3o, contrata\u00e7\u00e3o, seguro de vida, pagamento e rescis\u00e3o, em conformidade com a Lei de Est\u00e1gio n\u00ba 11.788, al\u00e9m de fornecer acompanhamento dos processos, relat\u00f3rios de desempenho e demais requisitos legais durante a vig\u00eancia do est\u00e1gio.<\/span><\/p>\n<p><\/p><\/div>[\/vc_column][\/vc_row][vc_row][vc_column width=&#8221;1\/2&#8243;]<div class=\"icon-box rounded alt\"><i class=\"ln ln-icon-Paper\"><\/i><h4>Avalia\u00e7\u00f5es<\/h4><p><\/p>\n<p style=\"text-align: center;\"><span style=\"color: #666666;\">Em conformidade com as demandas de nossos clientes, trabalhamos com um amplo leque de avalia\u00e7\u00f5es relacionadas \u00e0 performance, compet\u00eancias, potencial, conhecimentos gerais e espec\u00edficos, perfil profissional, aptid\u00f5es, orienta\u00e7\u00e3o vocacional e de carreira, entre outras.<\/span><\/p>\n<p><\/p><\/div>[\/vc_column][vc_column width=&#8221;1\/2&#8243;]<div class=\"icon-box rounded alt\"><i class=\"ln ln-icon-Teacher\"><\/i><h4>Treinamentos<\/h4><p><\/p>\n<p style=\"text-align: center;\"><span style=\"color: #666666;\">Elaboramos e ministramos treinamentos na modalidade presencial e on-line customizados para as organiza\u00e7\u00f5es, com o objetivo de capacitar e desenvolver seus profissionais, equipes e lideran\u00e7as de modo a otimizar sua performance e conquistar melhores resultados.<\/span><\/p>\n<p><\/p><\/div>[\/vc_column][\/vc_row]<\/p>\n","protected":false},"excerpt":{"rendered":"<p>[vc_row][vc_column width=&#8221;1\/2&#8243;][\/vc_column][vc_column width=&#8221;1\/2&#8243;][\/vc_column][\/vc_row][vc_row][vc_column width=&#8221;1\/2&#8243;][\/vc_column][vc_column width=&#8221;1\/2&#8243;][\/vc_column][\/vc_row]<\/p>\n","protected":false},"author":4,"featured_media":0,"parent":0,"menu_order":0,"comment_status":"closed","ping_status":"closed","template":"","meta":[],"_links":{"self":[{"href":"https:\/\/assessoriaperfilrh.com.br\/cms\/wp-json\/wp\/v2\/pages\/6429"}],"collection":[{"href":"https:\/\/assessoriaperfilrh.com.br\/cms\/wp-json\/wp\/v2\/pages"}],"about":[{"href":"https:\/\/assessoriaperfilrh.com.br\/cms\/wp-json\/wp\/v2\/types\/page"}],"author":[{"embeddable":true,"href":"https:\/\/assessoriaperfilrh.com.br\/cms\/wp-json\/wp\/v2\/users\/4"}],"replies":[{"embeddable":true,"href":"https:\/\/assessoriaperfilrh.com.br\/cms\/wp-json\/wp\/v2\/comments?post=6429"}],"version-history":[{"count":31,"href":"https:\/\/assessoriaperfilrh.com.br\/cms\/wp-json\/wp\/v2\/pages\/6429\/revisions"}],"predecessor-version":[{"id":6879,"href":"https:\/\/assessoriaperfilrh.com.br\/cms\/wp-json\/wp\/v2\/pages\/6429\/revisions\/6879"}],"wp:attachment":[{"href":"https:\/\/assessoriaperfilrh.com.br\/cms\/wp-json\/wp\/v2\/media?parent=6429"}],"curies":[{"name":"wp","href":"https:\/\/api.w.org\/{rel}","templated":true}]}}